{"id":102977,"date":"2020-06-09T14:49:36","date_gmt":"2020-06-09T12:49:36","guid":{"rendered":"https:\/\/ledco.sk\/katalogy\/ideal-lux\/"},"modified":"2024-02-14T15:01:45","modified_gmt":"2024-02-14T14:01:45","slug":"ideal-lux","status":"publish","type":"ledco_catalogue","link":"https:\/\/ledco.sk\/cs\/katalogy\/ideal-lux\/","title":{"rendered":"Ideal Lux"},"excerpt":{"rendered":"<p>Sklen\u011bn\u00e9 sv\u00edtidla byly prvotinou Ideal Lux-u a t\u00e9to tradici se nad\u00e1le v\u011bnuj\u00ed a nab\u00edzej\u00ed \u0161irok\u00fd v\u00fdb\u011br sklen\u011bn\u00fdch lamp, plechov\u00e9 \u010di d\u0159ev\u011bn\u00e9 sv\u00edtidla.<\/p>\n","protected":false},"featured_media":116315,"menu_order":34,"template":"","format":"standard","meta":{"_acf_changed":false},"tags":[],"catalogue_category":[234,224,221,222,225,223],"class_list":["post-102977","ledco_catalogue","type-ledco_catalogue","status-publish","format-standard","has-post-thumbnail","hentry","catalogue_category-detske-cs","catalogue_category-exterier-cs","catalogue_category-interier-cs","catalogue_category-kancelar","catalogue_category-koupelna","catalogue_category-prodejna"],"acf":[],"yoast_head":"<!-- This site is optimized with the Yoast SEO plugin v25.0 - https:\/\/yoast.com\/wordpress\/plugins\/seo\/ -->\n<title>Katal\u00f3g svietidiel Ideal Lux - Ledco<\/title>\n<meta name=\"description\" content=\"Sklen\u011bn\u00e9 sv\u00edtidla byly prvotinou Ideal Lux-u a t\u00e9to tradici se nad\u00e1le v\u011bnuj\u00ed a nab\u00edzej\u00ed \u0161irok\u00fd v\u00fdb\u011br sklen\u011bn\u00fdch lamp, plechov\u00e9 \u010di d\u0159ev\u011bn\u00e9 sv\u00edtidla.\" \/>\n<meta name=\"robots\" content=\"index, follow, max-snippet:-1, max-image-preview:large, max-video-preview:-1\" \/>\n<link rel=\"canonical\" href=\"https:\/\/ledco.sk\/cs\/katalogy\/ideal-lux\/\" \/>\n<meta property=\"og:locale\" content=\"cs_CZ\" \/>\n<meta property=\"og:type\" content=\"article\" \/>\n<meta property=\"og:title\" content=\"Katal\u00f3g svietidiel Ideal Lux - Ledco\" \/>\n<meta property=\"og:description\" content=\"Sklen\u011bn\u00e9 sv\u00edtidla byly prvotinou Ideal Lux-u a t\u00e9to tradici se nad\u00e1le v\u011bnuj\u00ed a nab\u00edzej\u00ed \u0161irok\u00fd v\u00fdb\u011br sklen\u011bn\u00fdch lamp, plechov\u00e9 \u010di d\u0159ev\u011bn\u00e9 sv\u00edtidla.\" \/>\n<meta property=\"og:url\" content=\"https:\/\/ledco.sk\/cs\/katalogy\/ideal-lux\/\" \/>\n<meta property=\"og:site_name\" content=\"Ledco\" \/>\n<meta property=\"article:publisher\" content=\"https:\/\/www.facebook.com\/pages\/LEDCO-sro\/172577579457232?fref=ts\" \/>\n<meta property=\"article:modified_time\" content=\"2024-02-14T14:01:45+00:00\" \/>\n<meta property=\"og:image\" content=\"https:\/\/ledco.sk\/wp-content\/uploads\/2020\/02\/Titulka.jpg\" \/>\n\t<meta property=\"og:image:width\" content=\"682\" \/>\n\t<meta property=\"og:image:height\" content=\"958\" \/>\n\t<meta property=\"og:image:type\" content=\"image\/jpeg\" \/>\n<meta name=\"twitter:card\" content=\"summary_large_image\" \/>\n<meta name=\"twitter:site\" content=\"@ledcolighting\" \/>\n<meta name=\"twitter:label1\" content=\"Odhadovan\u00e1 doba \u010dten\u00ed\" \/>\n\t<meta name=\"twitter:data1\" content=\"6 minut\" \/>\n<script type=\"application\/ld+json\" class=\"yoast-schema-graph\">{\"@context\":\"https:\/\/schema.org\",\"@graph\":[{\"@type\":\"WebPage\",\"@id\":\"https:\/\/ledco.sk\/cs\/katalogy\/ideal-lux\/\",\"url\":\"https:\/\/ledco.sk\/cs\/katalogy\/ideal-lux\/\",\"name\":\"Katal\u00f3g svietidiel Ideal Lux - Ledco\",\"isPartOf\":{\"@id\":\"https:\/\/ledco.sk\/cs\/#website\"},\"primaryImageOfPage\":{\"@id\":\"https:\/\/ledco.sk\/cs\/katalogy\/ideal-lux\/#primaryimage\"},\"image\":{\"@id\":\"https:\/\/ledco.sk\/cs\/katalogy\/ideal-lux\/#primaryimage\"},\"thumbnailUrl\":\"https:\/\/ledco.sk\/wp-content\/uploads\/2020\/02\/Titulka.jpg\",\"datePublished\":\"2020-06-09T12:49:36+00:00\",\"dateModified\":\"2024-02-14T14:01:45+00:00\",\"description\":\"Sklen\u011bn\u00e9 sv\u00edtidla byly prvotinou Ideal Lux-u a t\u00e9to tradici se nad\u00e1le v\u011bnuj\u00ed a nab\u00edzej\u00ed \u0161irok\u00fd v\u00fdb\u011br sklen\u011bn\u00fdch lamp, plechov\u00e9 \u010di d\u0159ev\u011bn\u00e9 sv\u00edtidla.\",\"breadcrumb\":{\"@id\":\"https:\/\/ledco.sk\/cs\/katalogy\/ideal-lux\/#breadcrumb\"},\"inLanguage\":\"cs\",\"potentialAction\":[{\"@type\":\"ReadAction\",\"target\":[\"https:\/\/ledco.sk\/cs\/katalogy\/ideal-lux\/\"]}]},{\"@type\":\"ImageObject\",\"inLanguage\":\"cs\",\"@id\":\"https:\/\/ledco.sk\/cs\/katalogy\/ideal-lux\/#primaryimage\",\"url\":\"https:\/\/ledco.sk\/wp-content\/uploads\/2020\/02\/Titulka.jpg\",\"contentUrl\":\"https:\/\/ledco.sk\/wp-content\/uploads\/2020\/02\/Titulka.jpg\",\"width\":682,\"height\":958},{\"@type\":\"BreadcrumbList\",\"@id\":\"https:\/\/ledco.sk\/cs\/katalogy\/ideal-lux\/#breadcrumb\",\"itemListElement\":[{\"@type\":\"ListItem\",\"position\":1,\"name\":\"Home\",\"item\":\"https:\/\/ledco.sk\/cs\/\"},{\"@type\":\"ListItem\",\"position\":2,\"name\":\"Katal\u00f3gy\",\"item\":\"https:\/\/ledco.sk\/cs\/katalogy\/\"},{\"@type\":\"ListItem\",\"position\":3,\"name\":\"Ideal Lux\"}]},{\"@type\":\"WebSite\",\"@id\":\"https:\/\/ledco.sk\/cs\/#website\",\"url\":\"https:\/\/ledco.sk\/cs\/\",\"name\":\"Ledco\",\"description\":\"Predaj svietidiel, n\u00e1vrh, poradenstvo a realiz\u00e1cia osvetlenia\",\"publisher\":{\"@id\":\"https:\/\/ledco.sk\/cs\/#organization\"},\"potentialAction\":[{\"@type\":\"SearchAction\",\"target\":{\"@type\":\"EntryPoint\",\"urlTemplate\":\"https:\/\/ledco.sk\/cs\/?s={search_term_string}\"},\"query-input\":{\"@type\":\"PropertyValueSpecification\",\"valueRequired\":true,\"valueName\":\"search_term_string\"}}],\"inLanguage\":\"cs\"},{\"@type\":\"Organization\",\"@id\":\"https:\/\/ledco.sk\/cs\/#organization\",\"name\":\"LEDCO s.r.o.\",\"url\":\"https:\/\/ledco.sk\/cs\/\",\"logo\":{\"@type\":\"ImageObject\",\"inLanguage\":\"cs\",\"@id\":\"https:\/\/ledco.sk\/cs\/#\/schema\/logo\/image\/\",\"url\":\"https:\/\/ledco.sk\/wp-content\/uploads\/2020\/03\/Logo_LEDCO.jpg\",\"contentUrl\":\"https:\/\/ledco.sk\/wp-content\/uploads\/2020\/03\/Logo_LEDCO.jpg\",\"width\":230,\"height\":73,\"caption\":\"LEDCO s.r.o.\"},\"image\":{\"@id\":\"https:\/\/ledco.sk\/cs\/#\/schema\/logo\/image\/\"},\"sameAs\":[\"https:\/\/www.facebook.com\/pages\/LEDCO-sro\/172577579457232?fref=ts\",\"https:\/\/x.com\/ledcolighting\",\"https:\/\/www.instagram.com\/ledco_lighting\/\",\"https:\/\/pinterest.com\/ledcolighting\/\",\"https:\/\/www.youtube.com\/user\/ledcoled\"]}]}<\/script>\n<!-- \/ Yoast SEO plugin. -->","yoast_head_json":{"title":"Katal\u00f3g svietidiel Ideal Lux - Ledco","description":"Sklen\u011bn\u00e9 sv\u00edtidla byly prvotinou Ideal Lux-u a t\u00e9to tradici se nad\u00e1le v\u011bnuj\u00ed a nab\u00edzej\u00ed \u0161irok\u00fd v\u00fdb\u011br sklen\u011bn\u00fdch lamp, plechov\u00e9 \u010di d\u0159ev\u011bn\u00e9 sv\u00edtidla.","robots":{"index":"index","follow":"follow","max-snippet":"max-snippet:-1","max-image-preview":"max-image-preview:large","max-video-preview":"max-video-preview:-1"},"canonical":"https:\/\/ledco.sk\/cs\/katalogy\/ideal-lux\/","og_locale":"cs_CZ","og_type":"article","og_title":"Katal\u00f3g svietidiel Ideal Lux - Ledco","og_description":"Sklen\u011bn\u00e9 sv\u00edtidla byly prvotinou Ideal Lux-u a t\u00e9to tradici se nad\u00e1le v\u011bnuj\u00ed a nab\u00edzej\u00ed \u0161irok\u00fd v\u00fdb\u011br sklen\u011bn\u00fdch lamp, plechov\u00e9 \u010di d\u0159ev\u011bn\u00e9 sv\u00edtidla.","og_url":"https:\/\/ledco.sk\/cs\/katalogy\/ideal-lux\/","og_site_name":"Ledco","article_publisher":"https:\/\/www.facebook.com\/pages\/LEDCO-sro\/172577579457232?fref=ts","article_modified_time":"2024-02-14T14:01:45+00:00","og_image":[{"width":682,"height":958,"url":"https:\/\/ledco.sk\/wp-content\/uploads\/2020\/02\/Titulka.jpg","type":"image\/jpeg"}],"twitter_card":"summary_large_image","twitter_site":"@ledcolighting","twitter_misc":{"Odhadovan\u00e1 doba \u010dten\u00ed":"6 minut"},"schema":{"@context":"https:\/\/schema.org","@graph":[{"@type":"WebPage","@id":"https:\/\/ledco.sk\/cs\/katalogy\/ideal-lux\/","url":"https:\/\/ledco.sk\/cs\/katalogy\/ideal-lux\/","name":"Katal\u00f3g svietidiel Ideal Lux - Ledco","isPartOf":{"@id":"https:\/\/ledco.sk\/cs\/#website"},"primaryImageOfPage":{"@id":"https:\/\/ledco.sk\/cs\/katalogy\/ideal-lux\/#primaryimage"},"image":{"@id":"https:\/\/ledco.sk\/cs\/katalogy\/ideal-lux\/#primaryimage"},"thumbnailUrl":"https:\/\/ledco.sk\/wp-content\/uploads\/2020\/02\/Titulka.jpg","datePublished":"2020-06-09T12:49:36+00:00","dateModified":"2024-02-14T14:01:45+00:00","description":"Sklen\u011bn\u00e9 sv\u00edtidla byly prvotinou Ideal Lux-u a t\u00e9to tradici se nad\u00e1le v\u011bnuj\u00ed a nab\u00edzej\u00ed \u0161irok\u00fd v\u00fdb\u011br sklen\u011bn\u00fdch lamp, plechov\u00e9 \u010di d\u0159ev\u011bn\u00e9 sv\u00edtidla.","breadcrumb":{"@id":"https:\/\/ledco.sk\/cs\/katalogy\/ideal-lux\/#breadcrumb"},"inLanguage":"cs","potentialAction":[{"@type":"ReadAction","target":["https:\/\/ledco.sk\/cs\/katalogy\/ideal-lux\/"]}]},{"@type":"ImageObject","inLanguage":"cs","@id":"https:\/\/ledco.sk\/cs\/katalogy\/ideal-lux\/#primaryimage","url":"https:\/\/ledco.sk\/wp-content\/uploads\/2020\/02\/Titulka.jpg","contentUrl":"https:\/\/ledco.sk\/wp-content\/uploads\/2020\/02\/Titulka.jpg","width":682,"height":958},{"@type":"BreadcrumbList","@id":"https:\/\/ledco.sk\/cs\/katalogy\/ideal-lux\/#breadcrumb","itemListElement":[{"@type":"ListItem","position":1,"name":"Home","item":"https:\/\/ledco.sk\/cs\/"},{"@type":"ListItem","position":2,"name":"Katal\u00f3gy","item":"https:\/\/ledco.sk\/cs\/katalogy\/"},{"@type":"ListItem","position":3,"name":"Ideal Lux"}]},{"@type":"WebSite","@id":"https:\/\/ledco.sk\/cs\/#website","url":"https:\/\/ledco.sk\/cs\/","name":"Ledco","description":"Predaj svietidiel, n\u00e1vrh, poradenstvo a realiz\u00e1cia osvetlenia","publisher":{"@id":"https:\/\/ledco.sk\/cs\/#organization"},"potentialAction":[{"@type":"SearchAction","target":{"@type":"EntryPoint","urlTemplate":"https:\/\/ledco.sk\/cs\/?s={search_term_string}"},"query-input":{"@type":"PropertyValueSpecification","valueRequired":true,"valueName":"search_term_string"}}],"inLanguage":"cs"},{"@type":"Organization","@id":"https:\/\/ledco.sk\/cs\/#organization","name":"LEDCO s.r.o.","url":"https:\/\/ledco.sk\/cs\/","logo":{"@type":"ImageObject","inLanguage":"cs","@id":"https:\/\/ledco.sk\/cs\/#\/schema\/logo\/image\/","url":"https:\/\/ledco.sk\/wp-content\/uploads\/2020\/03\/Logo_LEDCO.jpg","contentUrl":"https:\/\/ledco.sk\/wp-content\/uploads\/2020\/03\/Logo_LEDCO.jpg","width":230,"height":73,"caption":"LEDCO s.r.o."},"image":{"@id":"https:\/\/ledco.sk\/cs\/#\/schema\/logo\/image\/"},"sameAs":["https:\/\/www.facebook.com\/pages\/LEDCO-sro\/172577579457232?fref=ts","https:\/\/x.com\/ledcolighting","https:\/\/www.instagram.com\/ledco_lighting\/","https:\/\/pinterest.com\/ledcolighting\/","https:\/\/www.youtube.com\/user\/ledcoled"]}]}},"_links":{"self":[{"href":"https:\/\/ledco.sk\/cs\/wp-json\/wp\/v2\/ledco_catalogue\/102977","targetHints":{"allow":["GET"]}}],"collection":[{"href":"https:\/\/ledco.sk\/cs\/wp-json\/wp\/v2\/ledco_catalogue"}],"about":[{"href":"https:\/\/ledco.sk\/cs\/wp-json\/wp\/v2\/types\/ledco_catalogue"}],"wp:featuredmedia":[{"embeddable":true,"href":"https:\/\/ledco.sk\/cs\/wp-json\/wp\/v2\/media\/116315"}],"wp:attachment":[{"href":"https:\/\/ledco.sk\/cs\/wp-json\/wp\/v2\/media?parent=102977"}],"wp:term":[{"taxonomy":"post_tag","embeddable":true,"href":"https:\/\/ledco.sk\/cs\/wp-json\/wp\/v2\/tags?post=102977"},{"taxonomy":"catalogue_category","embeddable":true,"href":"https:\/\/ledco.sk\/cs\/wp-json\/wp\/v2\/catalogue_category?post=102977"}],"curies":[{"name":"wp","href":"https:\/\/api.w.org\/{rel}","templated":true}]}}

<p>Skleněné svítidla byly prvotinou Ideal Lux-u a této tradici se nadále věnují a nabízejí široký výběr skleněných lamp, plechové či dřevěné svítidla.</p>

<!-- This site is optimized with the Yoast SEO plugin v25.0 - https://yoast.com/wordpress/plugins/seo/ -->
<title>Katalóg svietidiel Ideal Lux - Ledco</title>
<meta name="description" content="Skleněné svítidla byly prvotinou Ideal Lux-u a této tradici se nadále věnují a nabízejí široký výběr skleněných lamp, plechové či dřevěné svítidla." />
<meta name="robots" content="index, follow, max-snippet:-1, max-image-preview:large, max-video-preview:-1" />
<link rel="canonical" href="https://ledco.sk/cs/katalogy/ideal-lux/" />
<meta property="og:locale" content="cs_CZ" />
<meta property="og:type" content="article" />
<meta property="og:title" content="Katalóg svietidiel Ideal Lux - Ledco" />
<meta property="og:description" content="Skleněné svítidla byly prvotinou Ideal Lux-u a této tradici se nadále věnují a nabízejí široký výběr skleněných lamp, plechové či dřevěné svítidla." />
<meta property="og:url" content="https://ledco.sk/cs/katalogy/ideal-lux/" />
<meta property="og:site_name" content="Ledco" />
<meta property="article:publisher" content="https://www.facebook.com/pages/LEDCO-sro/172577579457232?fref=ts" />
<meta property="article:modified_time" content="2024-02-14T14:01:45+00:00" />
<meta property="og:image" content="https://ledco.sk/wp-content/uploads/2020/02/Titulka.jpg" />
	<meta property="og:image:width" content="682" />
	<meta property="og:image:height" content="958" />
	<meta property="og:image:type" content="image/jpeg" />
<meta name="twitter:card" content="summary_large_image" />
<meta name="twitter:site" content="@ledcolighting" />
<meta name="twitter:label1" content="Odhadovaná doba čtení" />
	<meta name="twitter:data1" content="6 minut" />
<script type="application/ld+json" class="yoast-schema-graph">{"@context":"https://schema.org","@graph":[{"@type":"WebPage","@id":"https://ledco.sk/cs/katalogy/ideal-lux/","url":"https://ledco.sk/cs/katalogy/ideal-lux/","name":"Katalóg svietidiel Ideal Lux - Ledco","isPartOf":{"@id":"https://ledco.sk/cs/#website"},"primaryImageOfPage":{"@id":"https://ledco.sk/cs/katalogy/ideal-lux/#primaryimage"},"image":{"@id":"https://ledco.sk/cs/katalogy/ideal-lux/#primaryimage"},"thumbnailUrl":"https://ledco.sk/wp-content/uploads/2020/02/Titulka.jpg","datePublished":"2020-06-09T12:49:36+00:00","dateModified":"2024-02-14T14:01:45+00:00","description":"Skleněné svítidla byly prvotinou Ideal Lux-u a této tradici se nadále věnují a nabízejí široký výběr skleněných lamp, plechové či dřevěné svítidla.","breadcrumb":{"@id":"https://ledco.sk/cs/katalogy/ideal-lux/#breadcrumb"},"inLanguage":"cs","potentialAction":[{"@type":"ReadAction","target":["https://ledco.sk/cs/katalogy/ideal-lux/"]}]},{"@type":"ImageObject","inLanguage":"cs","@id":"https://ledco.sk/cs/katalogy/ideal-lux/#primaryimage","url":"https://ledco.sk/wp-content/uploads/2020/02/Titulka.jpg","contentUrl":"https://ledco.sk/wp-content/uploads/2020/02/Titulka.jpg","width":682,"height":958},{"@type":"BreadcrumbList","@id":"https://ledco.sk/cs/katalogy/ideal-lux/#breadcrumb","itemListElement":[{"@type":"ListItem","position":1,"name":"Home","item":"https://ledco.sk/cs/"},{"@type":"ListItem","position":2,"name":"Katalógy","item":"https://ledco.sk/cs/katalogy/"},{"@type":"ListItem","position":3,"name":"Ideal Lux"}]},{"@type":"WebSite","@id":"https://ledco.sk/cs/#website","url":"https://ledco.sk/cs/","name":"Ledco","description":"Predaj svietidiel, návrh, poradenstvo a realizácia osvetlenia","publisher":{"@id":"https://ledco.sk/cs/#organization"},"potentialAction":[{"@type":"SearchAction","target":{"@type":"EntryPoint","urlTemplate":"https://ledco.sk/cs/?s={search_term_string}"},"query-input":{"@type":"PropertyValueSpecification","valueRequired":true,"valueName":"search_term_string"}}],"inLanguage":"cs"},{"@type":"Organization","@id":"https://ledco.sk/cs/#organization","name":"LEDCO s.r.o.","url":"https://ledco.sk/cs/","logo":{"@type":"ImageObject","inLanguage":"cs","@id":"https://ledco.sk/cs/#/schema/logo/image/","url":"https://ledco.sk/wp-content/uploads/2020/03/Logo_LEDCO.jpg","contentUrl":"https://ledco.sk/wp-content/uploads/2020/03/Logo_LEDCO.jpg","width":230,"height":73,"caption":"LEDCO s.r.o."},"image":{"@id":"https://ledco.sk/cs/#/schema/logo/image/"},"sameAs":["https://www.facebook.com/pages/LEDCO-sro/172577579457232?fref=ts","https://x.com/ledcolighting","https://www.instagram.com/ledco_lighting/","https://pinterest.com/ledcolighting/","https://www.youtube.com/user/ledcoled"]}]}</script>
<!-- / Yoast SEO plugin. -->

Katalóg svietidiel Ideal Lux - Ledco

Skleněné svítidla byly prvotinou Ideal Lux-u a této tradici se nadále věnují a nabízejí široký výběr skleněných lamp, plechové či dřevěné svítidla.

Katalógy

Predaj svietidiel, návrh, poradenstvo a realizácia osvetlenia
